{"id":3,"date":"2009-11-29T12:26:07","date_gmt":"2009-11-29T11:26:07","guid":{"rendered":"http:\/\/www.weldergoven.de\/wordpress\/?page_id=3"},"modified":"2010-01-29T18:22:09","modified_gmt":"2010-01-29T17:22:09","slug":"dorfentwicklung","status":"publish","type":"page","link":"https:\/\/www.weldergoven.de\/?page_id=3","title":{"rendered":"Dorfentwicklung"},"content":{"rendered":"<p>Bereits im Jahre 1994 hat die Interessengemeinschaft Weldergoven e.V. den Antrag gestellt f\u00fcr Weldergoven einen &#8222;Dorfentwicklungsplan&#8220; zu erstellen, in dem Aspekte der Infrastruktur (Verkehrsf\u00fchrung, Stra\u00dfengestaltung, Parkpl\u00e4tze, Kindergarten, Spiel- und Bolzplatz, Versorgung usw.) und zur \u00d6kologie f\u00fcr Weldergoven erarbeitet werden.<\/p>\n<p>Auf diesen Seiten wird das Dorfentwicklungskonzept f\u00fcr Weldergoven vorgestellt, was von dem Landesamt f\u00fcr Agrarordnung, NRW (M\u00fcnster) in Auftrag gegeben und im M\u00e4rz 1999 unter der Gesamtleitung des B\u00fcro f\u00fcr Stadtplanung und Stadtentwicklung (Hans-Joachim Hamerla, Dortmund) fertig gestellt wurde. Beteiligt waren weiterhin die Werkgemeinschaft Freiraum (N\u00fcrnberg) und die Umweltplanung Wittke &amp; Hoss (Bonn).<\/p>\n<p style=\"text-align: center;\">            \n\t\t<div class=\"ngg-gallery-singlepic-image ngg-center\" style=\"max-width: 314px\">\n\t\t\t    \t<a href=\"https:\/\/www.weldergoven.de\/wp-content\/gallery\/dorfentwicklungskonzept\/plan_ueberblick_klein.gif\"\n\t\t     title=\"\u00dcberblicksplan - Entwurf\"\n             data-src=\"https:\/\/www.weldergoven.de\/wp-content\/gallery\/dorfentwicklungskonzept\/plan_ueberblick_klein.gif\"\n             data-thumbnail=\"https:\/\/www.weldergoven.de\/wp-content\/gallery\/dorfentwicklungskonzept\/thumbs\/thumbs_plan_ueberblick_klein.gif\"\n             data-image-id=\"90\"\n             data-title=\"plan_ueberblick_klein\"\n             data-description=\"\u00dcberblicksplan - Entwurf\"\n             target='_self'\n             class=\"ngg-fancybox\" rel=\"1aff675d0bfa6da8375c284c351e7b8c\">\n            <img class=\"ngg-singlepic\"\n             src=\"https:\/\/www.weldergoven.de\/wp-content\/gallery\/dorfentwicklungskonzept\/cache\/plan_ueberblick_klein.gif-nggid0290-ngg0dyn-314x314x100-00f0w010c010r110f110r010t010.gif\"\n             alt=\"plan_ueberblick_klein\"\n             title=\"plan_ueberblick_klein\"\n              width=\"314\"               \/>\n    \t<\/a>\n\t\t      <\/div>\n        <\/p>\n<h6 style=\"text-align: center;\">Bild: Dorfentwicklung &#8211; Entwurf<\/h6>\n<p><strong>Hinweis:<\/strong><br \/>\nAbweichend zur Originalfassung vom M\u00e4rz 1999 werden in dieser Online-Version bis auf den Anhang &#8222;Baubewertung historischer Dorfkern&#8220; (fehlt in dieser Version) alle Texte unver\u00e4ndert wiedergegeben. Die dargestellten Pl\u00e4ne sind allerdings nur ein Auszug aus der Originalfassung und wurden teilweise &#8211; um eine bessere Lesbarkeit zu erreichen &#8211; sinngem\u00e4\u00df nachbearbeitet. Die gezeigten Fotos sind ebenfalls nur ein Auszug aus der Originalfassung und wurden alle von der IGW nachfotografiert.<\/p>\n","protected":false},"excerpt":{"rendered":"<p>Bereits im Jahre 1994 hat die Interessengemeinschaft Weldergoven e.V. den Antrag gestellt f\u00fcr Weldergoven einen &#8222;Dorfentwicklungsplan&#8220; zu erstellen, in dem Aspekte der Infrastruktur (Verkehrsf\u00fchrung, Stra\u00dfengestaltung, Parkpl\u00e4tze, Kindergarten, Spiel- und Bolzplatz, <a class=\"more-link\" href=\"https:\/\/www.weldergoven.de\/?page_id=3\">Continue Reading &amp;amp;amp;amp;amp;rarr;<\/a><\/p>\n","protected":false},"author":6,"featured_media":0,"parent":0,"menu_order":2,"comment_status":"closed","ping_status":"closed","template":"","meta":{"ngg_post_thumbnail":0,"footnotes":""},"class_list":["post-3","page","type-page","status-publish","hentry"],"_links":{"self":[{"href":"https:\/\/www.weldergoven.de\/index.php?rest_route=\/wp\/v2\/pages\/3","targetHints":{"allow":["GET"]}}],"collection":[{"href":"https:\/\/www.weldergoven.de\/index.php?rest_route=\/wp\/v2\/pages"}],"about":[{"href":"https:\/\/www.weldergoven.de\/index.php?rest_route=\/wp\/v2\/types\/page"}],"author":[{"embeddable":true,"href":"https:\/\/www.weldergoven.de\/index.php?rest_route=\/wp\/v2\/users\/6"}],"replies":[{"embeddable":true,"href":"https:\/\/www.weldergoven.de\/index.php?rest_route=%2Fwp%2Fv2%2Fcomments&post=3"}],"version-history":[{"count":12,"href":"https:\/\/www.weldergoven.de\/index.php?rest_route=\/wp\/v2\/pages\/3\/revisions"}],"predecessor-version":[{"id":275,"href":"https:\/\/www.weldergoven.de\/index.php?rest_route=\/wp\/v2\/pages\/3\/revisions\/275"}],"wp:attachment":[{"href":"https:\/\/www.weldergoven.de\/index.php?rest_route=%2Fwp%2Fv2%2Fmedia&parent=3"}],"curies":[{"name":"wp","href":"https:\/\/api.w.org\/{rel}","templated":true}]}}