{"id":278,"date":"2009-12-10T21:26:08","date_gmt":"2009-12-10T20:26:08","guid":{"rendered":"http:\/\/www.weldergoven.de\/wordpress\/?page_id=278"},"modified":"2013-08-29T18:20:01","modified_gmt":"2013-08-29T17:20:01","slug":"einleitung","status":"publish","type":"page","link":"https:\/\/www.weldergoven.de\/?page_id=278","title":{"rendered":"Einleitung"},"content":{"rendered":"<h5>1.1 Ausgangssituation<\/h5>\n<p>Weldergoven nimmt innerhalb der Ortsteile und Dorflagen der Stadt Hennef eine besondere Position ein: Der ehemals d\u00f6rflich gepr\u00e4gte Ortskern hat sich im Grundsatz recht gut erhalten, seine Kulturgeschichte ist in der r\u00e4umlichen F\u00fcgung wie im Ausdruck einzelner Geb\u00e4ude noch gut ablesbar. Um den alten Kern hat sich in mehreren Erweiterungsstufen neue Wohnbebauung gelegt und das Dorf stark ver\u00e4ndert. Aufgrund der Lage Weldergovens, weniger als 1 km vom Rand des Zentralortes Hennef entfernt und tangiert von zahlreichen Infrastrukturtrassen, der Autobahn A 560, der B 478, der L 333 und der Eisenbahnstrecke K\u00f6ln &#8211; Au hat sich ein &#8222;Zwischenort&#8220; entwickelt, der vom inner\u00f6rtlichen Siedlungsbereich nahezu eingeholt, einerseits die Merkmale des Stadtrands aufweist, andererseits aber seine d\u00f6rfliche Identit\u00e4t und Besonderheit bewahren konnte. Dies dr\u00fcckt sich auch in einem ausgepr\u00e4gten Zugeh\u00f6rigkeitsgef\u00fchl der Weldergovener Bewohner aus. Ebenso unterst\u00fctzt die Lage des Ortes am unmittelbaren Rand der Siegaue, quasi herausgeschoben in den Talraum, gesch\u00fctzt durch einen Hochwasserdeich, die Besonderheit des Ortes.<\/p>\n<p>Vor dem Hintergrund dieser charakteristischen Merkmale einerseits und den sich mit der st\u00e4dtebaulichen Entwicklung von Hennef-Ost abzeichnenden Ver\u00e4nderungen andererseits sollen \u00fcber eine Dorfentwicklungsplanung M\u00f6glichkeiten untersucht werden, vorhandene Potentiale zu sichern, respektive weiterzuentwickeln, Defizite zu beseitigen und neue Entwicklungschancen aufzuzeigen.<\/p>\n<h5>1.2 Rahmenbedingungen<\/h5>\n<p>Die Interessengemeinschaft Weldergoven hat am 12.02.1994 den Antrag gestellt, f\u00fcr Weldergoven einen &#8222;Dorfentwicklungsplan&#8220; zu erstellen. Die Interessengemeinschaft bittet um eine Gesamtplanung, die sowohl zur Infrastruktur (Verkehrsf\u00fchrung, Stra\u00dfengestaltung, Parkpl\u00e4tze, Kindergarten, Spiel- u. Bolzplatz, Versorgung usw.) als auch zur \u00d6kologie (Entsiegelung, Siegaue, usw.) Aussagen trifft. Des weiteren soll speziell auf die r\u00e4umliche Entwicklung Weldergovens, die Erhaltung des Dorfkerns sowie Bedarf und Perspektive der Kleingartenanlage eingegangen werden. Die Stadt Hennef hat zun\u00e4chst die Zwischenergebnisse der st\u00e4dtebaulichen Rahmenplanung abgewartet, um auf dieser Grundlage Umfang und Inhalt eines Dorfentwicklungskonzeptes f\u00fcr Weldergoven qualifiziert beurteilen zu k\u00f6nnen. Die st\u00e4dtebauliche Rahmenplanung reicht im Norden von der Sieg &#8211; und schlie\u00dft hier die Ortslage Weldergoven mit ein &#8211; bis zum Stadtteil Gei\u00dfbach im S\u00fcden. Ziel dieser Rahmenplanung ist die landschaftsvertr\u00e4gliche Entwicklung eines eigenst\u00e4ndigen Stadtteils mit Wohnen und einem Gewerbe- und Technologiegebiet. Gleichzeitig soll die Eigenst\u00e4ndigkeit Weldergovens, soweit dies nach der bereits errichteten Neubebauung m\u00f6glich ist, erhalten und die urspr\u00fcngliche Dorflage gest\u00e4rkt werden.<\/p>\n<p>F\u00fcr die Rahmenplanung Hennef-Ost wurde am 3.7.1996 ein Workshop mit dem Ausschuss f\u00fcr Planung und Verkehr der Stadt Hennef durchgef\u00fchrt. Nach mehrmaliger Behandlung der Planungen im zust\u00e4ndigen Ausschuss der Stadt, der Beteiligung der Tr\u00e4ger \u00f6ffentlicher Belange in drei Sitzungsrunden, zuletzt mit dem fertiggestellten Rahmenplan, beschloss der st\u00e4dtische Ausschuss am 4.3.1997: &#8222;Die vorgelegte st\u00e4dtebauliche Rahmenplanung wird der Entwicklung von Hennef-Ost zugrunde gelegt.&#8220; Weiterhin sind die Ergebnisse der B\u00fcrgeranh\u00f6rung, die am 16.4.1997 durchgef\u00fchrt wurde und die Abstimmung mit den Tr\u00e4gern \u00f6ffentlicher Belange (hier konnte ein umfassender Konsens erzielt werden) in den Schlussbericht der Rahmenplanung eingeflossen. Dar\u00fcber hinaus hat der st\u00e4dtische Ausschuss folgenden Beschluss gefasst: &#8222;Mit der Interessengemeinschaft Weldergoven sind die zur Dorfentwicklungsplanung Weldergoven durchzuf\u00fchrenden Arbeiten zusammen mit dem Planungsb\u00fcro zu besprechen. Hierbei sollen die Belange, die die &#8222;Kleingartenanlage&#8220; betreffen, besonders er\u00f6rtert werden. Die Abstimmungsergebnisse sind dem Ausschuss f\u00fcr Planung und Verkehr vorzulegen.&#8220;<\/p>\n<p>Vor diesem Hintergrund hat die Landesanstalt f\u00fcr \u00d6kologie, Raumordnung und Forsten\/ Landesamt f\u00fcr Agrarordnung NRW das B\u00fcro f\u00fcr Stadtplanung und Stadtentwicklung, Hamerla, Dortmund am 2.12.1997 beauftragt, einen Dorfentwicklungsplan f\u00fcr das Dorf Weldergoven zu erstellen. Die Erarbeitung erfolgt mit der Werkgemeinschaft Freiraum, Aufmkolk &#8211; Hirschmann &#8211; Sinke, N\u00fcrnberg.<\/p>\n<h5>1.3 Vorgehensweise<\/h5>\n<p>Dorfentwicklung ist ein Planungs- und Meinungsbildungsprozess, der auf der historischen Entwicklung aufbauend, auf Dauer angelegt werden sollte.<\/p>\n<p>Neben der Erhebung des Bestandes, der Analyse und der fachlichen Bewertung sind die informellen Beurteilungen und Vorstellungen der Betroffenen von besonderer Wichtigkeit. Denn Dorfentwicklung kann nur \u00fcber den Konsens und hier \u00fcber der Mitwirkungsbereitschaft der Bev\u00f6lkerung insbesondere bei der Realisierung von Ma\u00dfnahmen und Aktionen, erfolgreich gestaltet werden.<\/p>\n<p>Deshalb wurden die betroffenen B\u00fcrgerinnen und B\u00fcrger zu Beginn der Untersuchung \u00fcber deren M\u00f6glichkeiten und die Ziele der Dorfentwicklung in einer gemeinsamen Veranstaltung mit dem Amt f\u00fcr Agrarordnung und der Stadt Hennef informiert (19.5.1998). In vier Arbeitskreissitzungen mit Vertreterinnen und Vertretern der &#8222;Interessengemeinschaft Weldergoven e.V.&#8220; wurden deren W\u00fcnsche und Anregungen aufgenommen und diskutiert und die Planungsvorschl\u00e4ge er\u00f6rtert. In nahezu s\u00e4mtlichen Zielvorstellungen und Ma\u00dfnahmenvorschl\u00e4gen, die die direkte Dorfentwicklung betreffen, konnte Einvernehmen erzielt werden bzw. wurden Kompromisse gefunden. Eine gravierend abweichende Beurteilung besteht in erster Linie bei der Anbindung des Dorfes an den \u00f6ffentlichen Personennahverkehr und besonders bei der Busf\u00fchrung.<\/p>\n<p>Die Fachbeh\u00f6rden wurden fr\u00fchzeitig in die Konzepterarbeitung einbezogen. Neben direkten Arbeitskontakten wurden die Tr\u00e4ger \u00f6ffentlicher Belange bisher in einer Veranstaltung am 30.9.1998 informiert. Ihre Anregungen wurden in den Entwurf des Dorfentwicklungsplanes einbezogen.<\/p>\n<p>Die Kriterienkataloge der Arbeitskreise Dorferneuerung\/Dorf\u00f6kologie und Dorferneuerung\/Bau- und Denkmalpflege beim Amt f\u00fcr Agrarordnung fanden Beachtung.<\/p>\n","protected":false},"excerpt":{"rendered":"<p>1.1 Ausgangssituation Weldergoven nimmt innerhalb der Ortsteile und Dorflagen der Stadt Hennef eine besondere Position ein: Der ehemals d\u00f6rflich gepr\u00e4gte Ortskern hat sich im Grundsatz recht gut erhalten, seine Kulturgeschichte <a class=\"more-link\" href=\"https:\/\/www.weldergoven.de\/?page_id=278\">Continue Reading &amp;amp;amp;amp;amp;rarr;<\/a><\/p>\n","protected":false},"author":6,"featured_media":0,"parent":3,"menu_order":1,"comment_status":"closed","ping_status":"closed","template":"","meta":{"ngg_post_thumbnail":0,"footnotes":""},"class_list":["post-278","page","type-page","status-publish","hentry"],"_links":{"self":[{"href":"https:\/\/www.weldergoven.de\/index.php?rest_route=\/wp\/v2\/pages\/278","targetHints":{"allow":["GET"]}}],"collection":[{"href":"https:\/\/www.weldergoven.de\/index.php?rest_route=\/wp\/v2\/pages"}],"about":[{"href":"https:\/\/www.weldergoven.de\/index.php?rest_route=\/wp\/v2\/types\/page"}],"author":[{"embeddable":true,"href":"https:\/\/www.weldergoven.de\/index.php?rest_route=\/wp\/v2\/users\/6"}],"replies":[{"embeddable":true,"href":"https:\/\/www.weldergoven.de\/index.php?rest_route=%2Fwp%2Fv2%2Fcomments&post=278"}],"version-history":[{"count":4,"href":"https:\/\/www.weldergoven.de\/index.php?rest_route=\/wp\/v2\/pages\/278\/revisions"}],"predecessor-version":[{"id":2587,"href":"https:\/\/www.weldergoven.de\/index.php?rest_route=\/wp\/v2\/pages\/278\/revisions\/2587"}],"up":[{"embeddable":true,"href":"https:\/\/www.weldergoven.de\/index.php?rest_route=\/wp\/v2\/pages\/3"}],"wp:attachment":[{"href":"https:\/\/www.weldergoven.de\/index.php?rest_route=%2Fwp%2Fv2%2Fmedia&parent=278"}],"curies":[{"name":"wp","href":"https:\/\/api.w.org\/{rel}","templated":true}]}}