{"id":27,"date":"2009-11-29T14:23:30","date_gmt":"2009-11-29T13:23:30","guid":{"rendered":"http:\/\/www.weldergoven.de\/wordpress\/?page_id=27"},"modified":"2023-03-22T16:10:39","modified_gmt":"2023-03-22T15:10:39","slug":"startseite","status":"publish","type":"page","link":"https:\/\/www.weldergoven.de\/","title":{"rendered":"Startseite"},"content":{"rendered":"<h5 style=\"text-align: center;\"><strong>Willkommen auf der Homepage <\/strong><\/h5>\n<h5 style=\"text-align: center;\"><strong>der<br \/>\nInteressengemeinschaft Weldergoven e.V.<\/strong><\/h5>\n<h6>&nbsp;<\/h6>\n<h6><span style=\"color: #808080;\"><strong>Homepage und Webbrowser:<\/strong><\/span><br \/>\n<span style=\"color: #808080;\"> Empfohlene Browser sind u.a. Firefox und Microsoft Edge (Windows 10). Auf anderen Browsern (IE10) kommt es ggf. zu Darstellungsfehlern. Auf Smartphones wird ein spezielles Layout verwendet.<\/span><\/h6>\n<p>Auf unserer Homepage finden Sie Informationen rund um Weldergoven mit Reportagen zum Dorfgeschehen und Berichten aus den Vorstandsitzungen der IGW, zur Geschichte des Dorfs und schlie\u00dflich zur IGW selbst, in der sich seit \u00fcber 40 Jahren engagierte Dorfbewohner zusammenfinden um u.a. die folgenden Ziele zur verfolgen:<\/p>\n<ul>\n<li>Pflege der Dorfgemeinschaft und des Brauchtums<\/li>\n<li>Anlage und Erhaltung von gemeinn\u00fctzigen Einrichtungen<\/li>\n<li>Vertretung der Interessen Weldergovens in allen \u00f6ffentlichen Angelegenheiten<\/li>\n<li>Umwelt- und Naturschutz<\/li>\n<\/ul>\n<p style=\"text-align: left;\">            \n\t\t<div class=\"ngg-gallery-singlepic-image ngg-center\" style=\"max-width: 603px\">\n\t\t\t    \t<a href=\"https:\/\/www.weldergoven.de\/wp-content\/gallery\/diverses\/igwgalerie2015.jpg\"\n\t\t     title=\"\"\n             data-src=\"https:\/\/www.weldergoven.de\/wp-content\/gallery\/diverses\/igwgalerie2015.jpg\"\n             data-thumbnail=\"https:\/\/www.weldergoven.de\/wp-content\/gallery\/diverses\/thumbs\/thumbs_igwgalerie2015.jpg\"\n             data-image-id=\"1759\"\n             data-title=\"igwgalerie2015\"\n             data-description=\"\"\n             target='_self'\n             class=\"ngg-fancybox\" rel=\"cfdf1b4c952290364b2b2f95472ac0b1\">\n            <img class=\"ngg-singlepic\"\n             src=\"https:\/\/www.weldergoven.de\/wp-content\/gallery\/diverses\/cache\/igwgalerie2015.jpg-nggid041759-ngg0dyn-603x425x100-00f0w010c010r110f110r010t010.jpg\"\n             alt=\"igwgalerie2015\"\n             title=\"igwgalerie2015\"\n              width=\"603\"               \/>\n    \t<\/a>\n\t\t      <\/div>\n        <\/p>\n<h6 style=\"text-align: center;\"><strong>Galerie: Weldergoven und die IGW &#8211; Das aktive Siegdorf<\/strong><br \/>\nu.a. Gassenflohmarkt, Scheunenfest, Wandertag, Martinszug, Scheunen-Musik, Seniorenkaffee<\/h6>\n<p>Wie, und durch welche Projekte der Vorstand und die Mitglieder der IGW versucht haben und weiter versuchen diese Ziele umzusetzen, wird unter der Rubrik &#8222;IGW e.V.&#8220; auf mehreren Seiten beschrieben. Au\u00dferdem findet man Information zur Geschichte von Weldergoven, zum Dorfentwicklungskonzept und auch den aktuellen Veranstaltungskalender der IGW und Informationen zu den verschiedenen Treffs in Weldergoven.<\/p>\n<p>Dieser Internet-Auftritt soll zus\u00e4tzlich zu den papierenen Informationsbriefen, die im Dorf verteilt werden, u.a. f\u00fcr folgende Dinge genutzt werden:<\/p>\n<ul>\n<li>Vorstellung von Weldergoven und der IGW im Internet<\/li>\n<li>Ank\u00fcndigung von Terminen und Veranstaltung der IGW<\/li>\n<li>Reportagen zu aktuellen Ereignissen und Veranstaltungen in Weldergoven<\/li>\n<li>Berichte aus Vorstands- und Vereins-Arbeit der IGW<\/li>\n<li>Aufruf zur Teilnahme an Arbeitseins\u00e4tzen im Dorf<\/li>\n<li>Mitgliederwerbung<\/li>\n<li>Diskussionsforum f\u00fcr Weldergovener und alle die sich f\u00fcr Weldergoven interessieren<\/li>\n<\/ul>\n<p>Weiteres zum IGW Webauftritt findet man auch <a href=\"https:\/\/www.weldergoven.de\/?p=627\">hier<\/a>.<br \/>\nHier wird auch erkl\u00e4rt, wie neue Artikel \u00fcber RSS automatisch abonniert werden k\u00f6nnen. So bekommt man alle Neuigkeiten automatisch zugestellt.<\/p>\n<p><strong>Viel Spa\u00df beim &#8222;Surfen&#8220; auf der (ab Januar 2010 neu gestalteten und im November 2015 \u00fcberarbeiteten) Homepage der Interessengemeinschaft Weldergoven e.V. !<\/strong><\/p>\n","protected":false},"excerpt":{"rendered":"<p>Willkommen auf der Homepage der Interessengemeinschaft Weldergoven e.V. &nbsp; Homepage und Webbrowser: Empfohlene Browser sind u.a. Firefox und Microsoft Edge (Windows 10). Auf anderen Browsern (IE10) kommt es ggf. zu <a class=\"more-link\" href=\"https:\/\/www.weldergoven.de\/\">Continue Reading &amp;amp;amp;amp;amp;rarr;<\/a><\/p>\n","protected":false},"author":6,"featured_media":0,"parent":0,"menu_order":0,"comment_status":"closed","ping_status":"closed","template":"","meta":{"ngg_post_thumbnail":0,"footnotes":""},"class_list":["post-27","page","type-page","status-publish","hentry"],"_links":{"self":[{"href":"https:\/\/www.weldergoven.de\/index.php?rest_route=\/wp\/v2\/pages\/27","targetHints":{"allow":["GET"]}}],"collection":[{"href":"https:\/\/www.weldergoven.de\/index.php?rest_route=\/wp\/v2\/pages"}],"about":[{"href":"https:\/\/www.weldergoven.de\/index.php?rest_route=\/wp\/v2\/types\/page"}],"author":[{"embeddable":true,"href":"https:\/\/www.weldergoven.de\/index.php?rest_route=\/wp\/v2\/users\/6"}],"replies":[{"embeddable":true,"href":"https:\/\/www.weldergoven.de\/index.php?rest_route=%2Fwp%2Fv2%2Fcomments&post=27"}],"version-history":[{"count":125,"href":"https:\/\/www.weldergoven.de\/index.php?rest_route=\/wp\/v2\/pages\/27\/revisions"}],"predecessor-version":[{"id":3998,"href":"https:\/\/www.weldergoven.de\/index.php?rest_route=\/wp\/v2\/pages\/27\/revisions\/3998"}],"wp:attachment":[{"href":"https:\/\/www.weldergoven.de\/index.php?rest_route=%2Fwp%2Fv2%2Fmedia&parent=27"}],"curies":[{"name":"wp","href":"https:\/\/api.w.org\/{rel}","templated":true}]}}