{"id":188,"date":"2009-12-05T19:20:34","date_gmt":"2009-12-05T18:20:34","guid":{"rendered":"http:\/\/www.weldergoven.de\/wordpress\/?page_id=188"},"modified":"2010-01-29T18:54:33","modified_gmt":"2010-01-29T17:54:33","slug":"problemfelder-und-ziele","status":"publish","type":"page","link":"https:\/\/www.weldergoven.de\/?page_id=188","title":{"rendered":"Problemfelder und Ziele"},"content":{"rendered":"<h5>4.1 Leitbild und Zieldiskussionen<\/h5>\n<p>Die Vision \u00fcber die Zukunft von Weldergoven wird sich in erster Linie aus dem Willen seiner Bewohner bzw. deren politischen Vertreter ergeben. Die B\u00fcrger sind aufgefordert, sich selbst mit der Entwicklung ihres Dorfes auseinander zusetzen. Der Planer kann Ideen von au\u00dfen und fachliches Wissen einbringen. Der Abgleich mit den \u00f6rtlichen Kenntnissen in einem offenen Meinungsbildungsprozess versetzt jedoch erst beide Seiten in die Lage, Ziele zu entwickeln, die sp\u00e4ter mit Leben gef\u00fcllt werden k\u00f6nnen. Bei der Entwicklung des Leitbildes versteht sich der Planer in erster Linie als Moderator. Aus diesem heraus die d\u00f6rfliche Entwicklung zu lenken, ist wiederum urs\u00e4chliche Aufgabe der Bewohner. Die r\u00e4umliche Planung kann f\u00fcr diese Zukunftsvorstellung nur Rahmenbedingungen formulieren, Felder oder Grenzen von Entwicklungen aufzeigen sowie Planungsvorschl\u00e4ge und Empfehlungen geben, die jedoch von der Dorfgemeinschaft aufgef\u00fcllt werden m\u00fcssen oder sie bleiben eine leere H\u00fclle.<\/p>\n<p>Eine lebendige Dorfgemeinschaft entsteht dann, wenn die Grunddaseinsfunktionen Arbeiten Wohnen &#8211; Erholen in einer sozial ausgewogenen Konsistenz ein Gleichgewicht und damit die Voraussetzungen f\u00fcr Interaktion und Kommunikation bilden, wie es noch weitgehend in einem rein agrarisch bestimmten Gemeinwesen der Fall ist. Dies ist aufgrund der inzwischen eingetretenen Entwicklung in Weldergoven nicht gegeben. Hier treffen unterschiedliche Lebensweisen und Kulturen zusammen, die mehr oder weniger st\u00e4dtisch gepr\u00e4gt sind. Landwirtschaftliche Betriebe sind im Dort nicht mehr vorhanden. \u00d6rtliche Arbeitspl\u00e4tze fehlen nahezu vollst\u00e4ndig. Die wichtigsten Versorgungseinrichtungen sind verloren gegangen, zum Einkaufen werden die n\u00e4chst gr\u00f6\u00dferen Orte aufgesucht. Die Situation ist bestimmt von einer Wohnbev\u00f6lkerung, die zu den Arbeitspl\u00e4tzen in den n\u00e4chst gelegenen zentralen Orten pendelt.<\/p>\n<p>Dieser Suburbanisierungsprozess charakterisiert allgemein weite Teile des l\u00e4ndlichen Raumes, er verwischt die Grenzen zwischen Stadt und Land und muss daher typisch d\u00f6rfliche Erscheinungs- und Lebensformen mehr und mehr zur\u00fccktreten lassen. Einer solchen Herausforderung kann nicht mit Leitbildern einer scheinbaren Idylle aus der proindustriellen Phase des 19. Jahrhunderts begegnet werden. Sie w\u00fcrde nicht nur den Bed\u00fcrfnissen und W\u00fcnschen der Menschen entgegenstehen, sondern im Ergebnis ein verlogenes Scheingebilde abgeben. L\u00f6sungen f\u00fcr den l\u00e4ndlichen Raum liegen nicht auf der Hand und lassen sich nicht herbeizaubern. Nur eine offene und ehrliche Auseinandersetzung, wie sie derzeit leider zu wenig stattfindet, k\u00f6nnte weiterhelfen.<\/p>\n<p>Von besonderer Bedeutung f\u00fcr die k\u00fcnftige Entwicklung von Weldergoven ist die Lage des Ortes in der Landschaft, insbesondere die Beziehung zur Sieg. Hier ergeben sich identit\u00e4tsstiftende Merkmale und Besonderheiten. Dies gilt f\u00fcr die Hinwendung des alten Ortskernes zur Sieg in der Bing, der ausgepr\u00e4gten Steilkante mit Blick \u00fcber die Siegaue nach Osten oder die vorhandene und zuk\u00fcnftige Deichzone im Norden und Westen.<\/p>\n<p>Wenn auch der ehemalige Zusammenhang von Dorf und Landschaft als \u00f6konomisch-agrarische Funktionseinheit nicht mehr besteht, gelten die genannten Bez\u00fcge in r\u00e4umlicher Hinsicht.<\/p>\n<p>Ob es gelingt, dem Funktionsverlust der letzten Jahrzehnte eine Bewegung entgegenzusetzen, h\u00e4ngt vom Engagement der Bewohner ab. Die &#8222;Scheune&#8220; der Interessengemeinschaft Weldergoven ist ein guter Ansatz, der zum Nachdenken ermutigen sollte, ob Einrichtungen wie Gastst\u00e4tte, Bauernladen (Vermarktung regionaler Erzeugnisse) mit &#8222;B\u00fcrgerb\u00fcro&#8220; und der Zusammenfassung wichtiger Dienstleistungen oder die Einrichtung des F\u00e4hrbetriebes eine Chance besitzen.<\/p>\n<h5>4.2 Anregungen und W\u00fcnsche<\/h5>\n<p>Die Dorfgemeinschaft in Weldergoven engagiert sich seit vielen Jahren mit Themen und Ma\u00dfnahmen, die die Dorfentwicklung f\u00f6rdern. Sei es durch die Errichtung der Dorfscheune, der Teilnahme an Wettbewerben, z.B. &#8222;\u00d6kologisches Dorf der Zukunft&#8220; oder der j\u00e4hrlichen Durchf\u00fchrung von Scheunenfesten. Hierauf aufbauend wurden die Anregungen und W\u00fcnsche der Bev\u00f6lkerung aus den letzten 13 Jahren Vereinst\u00e4tigkeit der Interessengemeinschaft Weldergoven zusammengestellt. Ausgewertet wurden die schriftlich vorliegenden Stellungnahmen, Antr\u00e4ge und Wettbewerbsanmeldungen. Weiterhin wurden die aktuellen Inhalte der Dorfentwicklung mit dem begleitenden Arbeitskreis umfassend diskutiert. Aufgenommen wurden auch die Anregungen, die von der Bev\u00f6lkerung w\u00e4hrend des letzten Scheunenfestes vorgetragen wurden. Die Ergebnisse sind in dem gleichnamigen Plan aufgef\u00fchrt.<\/p>\n<p>Die hier dokumentierten Inhalte dienen im Einklang mit der umfangreichen Bestandsaufnahme, der Analyse und der Bewertung sowie der Zielformulierung als Grundlage f\u00fcr die Erarbeitung des Dorfentwicklungskonzepts.<\/p>\n<p>Im Anhang dieses Berichtes sind dar\u00fcber hinaus alle w\u00e4hrend der Bearbeitung des Dorfentwicklungskonzepts vorgetragenen Anregungen und W\u00fcnsche komplett und unkommentiert aufgef\u00fchrt.<\/p>\n<h5>4.3 Hauptziele<\/h5>\n<p>Die folgenden Hauptziele der Dorfentwicklung Weldergovens ber\u00fccksichtigen die formulierten Leitbilder und Entwicklungsperspektiven und stellen das Ergebnis des umfangreichen Untersuchungs- und Diskussionsprozesses dar:<\/p>\n<ul>\n<li>Historischen Dorfkern sch\u00fctzen und entwickeln<\/li>\n<li>Dorfmitte entwickeln<\/li>\n<li>Infrastrukturangebot<\/li>\n<li>Ortsbild<\/li>\n<li>Platzbildung<\/li>\n<li>offenen Landschaftsraum erhalten und Landschaftsrand pflegen und entwickeln<\/li>\n<li>Siegaue naturnah gestalten<\/li>\n<li>Hochwasserschutz verbessern<\/li>\n<li>Retentionsraum erweitern<\/li>\n<li>Gr\u00fcnland\/Weide erhalten<\/li>\n<li>behutsame bauliche Erg\u00e4nzung vornehmen Ortsrand qualifiziert ausbilden<\/li>\n<li>Inner\u00f6rtliche Gr\u00fcnstrukturen verbessern Kleingartenanlage erhalten und erweitern<\/li>\n<li>Spielplatz f\u00fcr Kleinkinder innerhalb des neu zu errichtenden Deiches schaffen<\/li>\n<li>Verbesserung des Infrastrukturangebotes (Unterst\u00fctzung bei der Schaffung und Ansiedlung von Infrastruktureinrichtungen)<\/li>\n<li>Freizeitm\u00f6glichkeiten f\u00fcr Jugendliche schaffen (Zusammenhang mit Bau und Betrieb einer historischen Siegf\u00e4hre als unterst\u00fctztes Jugendfreizeitprojekt)<\/li>\n<li>Querung der Sieg durch F\u00e4hre schaffen<\/li>\n<li>Busangebot verbessern<\/li>\n<li>Belastungen durch den Busverkehr im Dorfkern reduzieren<\/li>\n<li>Wegebeziehungen herstellen<\/li>\n<li>Reitwege erweitern<\/li>\n<\/ul>\n<h6 style=\"text-align: center;\">            \n\t\t<div class=\"ngg-gallery-singlepic-image ngg-center\" style=\"max-width: 500px\">\n\t\t\t    \t<a href=\"https:\/\/www.weldergoven.de\/wp-content\/gallery\/dorfentwicklungskonzept\/plan_hauptziele.jpg\"\n\t\t     title=\"Hauptziele\"\n             data-src=\"https:\/\/www.weldergoven.de\/wp-content\/gallery\/dorfentwicklungskonzept\/plan_hauptziele.jpg\"\n             data-thumbnail=\"https:\/\/www.weldergoven.de\/wp-content\/gallery\/dorfentwicklungskonzept\/thumbs\/thumbs_plan_hauptziele.jpg\"\n             data-image-id=\"80\"\n             data-title=\"plan_hauptziele\"\n             data-description=\"Hauptziele\"\n             target='_self'\n             class=\"ngg-fancybox\" rel=\"af672ffd84f0a7681fbbea6298ad015e\">\n            <img class=\"ngg-singlepic\"\n             src=\"https:\/\/www.weldergoven.de\/wp-content\/gallery\/dorfentwicklungskonzept\/cache\/plan_hauptziele.jpg-nggid0280-ngg0dyn-500x360x100-00f0w010c010r110f110r010t010.jpg\"\n             alt=\"plan_hauptziele\"\n             title=\"plan_hauptziele\"\n              width=\"500\"               \/>\n    \t<\/a>\n\t\t      <\/div>\n        <\/h6>\n<h6 style=\"text-align: center;\">            \n\t\t<div class=\"ngg-gallery-singlepic-image ngg-center\" style=\"max-width: 500px\">\n\t\t\t    \t<a href=\"https:\/\/www.weldergoven.de\/wp-content\/gallery\/dorfentwicklungskonzept\/legende_hauptziele.gif\"\n\t\t     title=\"\"\n             data-src=\"https:\/\/www.weldergoven.de\/wp-content\/gallery\/dorfentwicklungskonzept\/legende_hauptziele.gif\"\n             data-thumbnail=\"https:\/\/www.weldergoven.de\/wp-content\/gallery\/dorfentwicklungskonzept\/thumbs\/thumbs_legende_hauptziele.gif\"\n             data-image-id=\"66\"\n             data-title=\"legende_hauptziele\"\n             data-description=\"\"\n             target='_self'\n             class=\"ngg-fancybox\" rel=\"5b32df3fae69fe4c17cfbc67d6fb3e44\">\n            <img class=\"ngg-singlepic\"\n             src=\"https:\/\/www.weldergoven.de\/wp-content\/gallery\/dorfentwicklungskonzept\/cache\/legende_hauptziele.gif-nggid0266-ngg0dyn-500x175x100-00f0w010c010r110f110r010t010.gif\"\n             alt=\"legende_hauptziele\"\n             title=\"legende_hauptziele\"\n              width=\"500\"               \/>\n    \t<\/a>\n\t\t      <\/div>\n        <\/h6>\n<h6 style=\"text-align: center;\">Plan: Hauptziele<\/h6>\n","protected":false},"excerpt":{"rendered":"<p>4.1 Leitbild und Zieldiskussionen Die Vision \u00fcber die Zukunft von Weldergoven wird sich in erster Linie aus dem Willen seiner Bewohner bzw. deren politischen Vertreter ergeben. Die B\u00fcrger sind aufgefordert, <a class=\"more-link\" href=\"https:\/\/www.weldergoven.de\/?page_id=188\">Continue Reading &amp;amp;amp;amp;amp;rarr;<\/a><\/p>\n","protected":false},"author":6,"featured_media":0,"parent":3,"menu_order":4,"comment_status":"closed","ping_status":"closed","template":"","meta":{"ngg_post_thumbnail":0,"footnotes":""},"class_list":["post-188","page","type-page","status-publish","hentry"],"_links":{"self":[{"href":"https:\/\/www.weldergoven.de\/index.php?rest_route=\/wp\/v2\/pages\/188","targetHints":{"allow":["GET"]}}],"collection":[{"href":"https:\/\/www.weldergoven.de\/index.php?rest_route=\/wp\/v2\/pages"}],"about":[{"href":"https:\/\/www.weldergoven.de\/index.php?rest_route=\/wp\/v2\/types\/page"}],"author":[{"embeddable":true,"href":"https:\/\/www.weldergoven.de\/index.php?rest_route=\/wp\/v2\/users\/6"}],"replies":[{"embeddable":true,"href":"https:\/\/www.weldergoven.de\/index.php?rest_route=%2Fwp%2Fv2%2Fcomments&post=188"}],"version-history":[{"count":4,"href":"https:\/\/www.weldergoven.de\/index.php?rest_route=\/wp\/v2\/pages\/188\/revisions"}],"predecessor-version":[{"id":287,"href":"https:\/\/www.weldergoven.de\/index.php?rest_route=\/wp\/v2\/pages\/188\/revisions\/287"}],"up":[{"embeddable":true,"href":"https:\/\/www.weldergoven.de\/index.php?rest_route=\/wp\/v2\/pages\/3"}],"wp:attachment":[{"href":"https:\/\/www.weldergoven.de\/index.php?rest_route=%2Fwp%2Fv2%2Fmedia&parent=188"}],"curies":[{"name":"wp","href":"https:\/\/api.w.org\/{rel}","templated":true}]}}